pose 0 = 14*p - 579 + 75. Calculate the greatest common divisor of p and 4.
4
Suppose -3*p + 41 = f, 4*f - 163 = -4*p + 1. Suppose v = 5*z - f, -6 = -z - 0*z - 2*v. What is the greatest common factor of 4 and z?
4
Let x = -5 - -8. Let k be 51/(x + -2 + 0). What is the highest common factor of 17 and k?
17
Let z be (-3)/2*(-52)/6. What is the highest common factor of 117 and z?
13
Suppose -3*b = -8*b + 35. Let w = -85 - -148. What is the highest common factor of w and b?
7
Let w(s) = -s**3 + 7*s**2 + 6*s - 10. Let b be w(7). What is the highest common factor of b and 16?
16
Suppose -7 - 3 = -2*r. Suppose 3*c = 6, 2*i + r = 5*c - 1. Calculate the greatest common divisor of 4 and i.
2
Suppose -4*n = -n + 441. Let h = n - -227. Suppose -4*r = -4*z - 24, 5*r - 3*z - 1 - 37 = 0. Calculate the highest common divisor of h and r.
10
Suppose -4*d - 19 = -c, 0*c + 21 = -d - 3*c. Let p be (-2)/(-6) - 298/d. Let q(u) = -15*u - 5. Let n be q(-1). What is the highest common divisor of n and p?
10
Let j be 23*1*3/3. Suppose 2*z + 25 = -1. Let o = j + z. What is the greatest common factor of 2 and o?
2
Suppose 0 = t - 33 - 30. Calculate the greatest common factor of 7 and t.
7
Let w = -37 - -69. What is the highest common factor of w and 128?
32
Let j = 79 + 46. Let v be 2/2 - j/(-1). Calculate the highest common divisor of v and 14.
14
Let z be 7/((-42)/(-18)) + 5*15. What is the greatest common divisor of 26 and z?
26
Let g be 38/(-95) + (-44)/(-10). Calculate the highest common factor of 20 and g.
4
Suppose -629 = -5*b + 11. What is the greatest common factor of b and 8?
8
Suppose 3*j - 5*o - 38 + 1 = 0, 0 = -4*o - 20. Suppose -2*p + 14 = -p - j*z, -p = 2*z + 4. Calculate the greatest common divisor of p and 18.
2
Suppose 4*t + 0 = 8. Suppose -6*d - t = -4*d, 2*u = -d + 241. Calculate the highest common factor of 11 and u.
11
Let w(p) = 39*p - 1. Let l(y) = -20*y. Let x(h) = 5*l(h) + 3*w(h). Let c be x(6). What is the greatest common divisor of c and 9?
9
Let t = -1 + 13. Let v be 216/15 + t/20. What is the greatest common factor of 60 and v?
15
Let c be (15 - 10)*(1 - 0). Calculate the highest common divisor of c and 15.
5
Suppose -4*x = x - 5*b - 65, x = -3*b + 9. Calculate the highest common divisor of x and 9.
3
Suppose -2*j + 42 = 12. Suppose -3*n = -4*n - 7. Let x = n - -13. What is the highest common divisor of x and j?
3
Let m(i) = 4*i**2 + 4*i - 2. Let q be m(-8). Suppose -3*p = -0*p - q. Suppose 3*l = 0, 14 = x - 3*l - p. Calculate the greatest common divisor of x and 8.
8
Suppose 4*p - 1 = -5. Let s(x) = -120*x - 1. Let t be s(p). Calculate the greatest common factor of 17 and t.
17
Let d = -18 - -15. Let s = 0 - d. What is the highest common factor of s and 12?
3
Let g be (-7800)/(-108) - 2/9. What is the highest common divisor of 48 and g?
24
Let m(d) = d**3 + 2*d**2 + 2. Let w be m(-2). Let h be 35/w*24/15. Calculate the highest common factor of 14 and h.
14
Suppose 0 = 7*o - 9*o + 798. Calculate the highest common divisor of 57 and o.
57
Let r be 14/(-6) + (-8)/12. Let n be (-227)/r + 14/(-21). What is the greatest common divisor of n and 30?
15
Let k be 3/4 - 6/8. Suppose -3*s + 4*h + k*h + 188 = 0, -4*h - 52 = -s. Calculate the highest common divisor of s and 17.
17
Suppose 0 = -21*o + 20*o + 19. Calculate the highest common factor of o and 171.
19
Suppose -2*o = -o - 2. Let b be ((-2)/(-1))/(2/2). Let u be 7 - ((b - -1) + -2). What is the greatest common divisor of o and u?
2
Let u = 26 - 16. Calculate the highest common factor of u and 25.
5
Suppose -z + 3 = -3. Let a = -1 + 1. Suppose -5*c = -2*i + 57 + 32, a = 4*i + 5*c - 163. What is the highest common factor of i and z?
6
Let k be 15*-1*(-5)/15. Suppose -1 - k = -3*p. What is the highest common factor of p and 22?
2
Suppose -33 = -4*n + 7. Calculate the highest common factor of n and 170.
10
Suppose 0 = 9*s - 11*s + 544. What is the highest common factor of 34 and s?
34
Let d(b) = 2*b**2 + 2*b + 15. Let l be d(-6). Calculate the greatest common divisor of l and 50.
25
Let o = 19 + -89. Let a be o/(-10)*(1 - -1). Calculate the highest common divisor of a and 112.
14
Let l be (-24)/(-10)*(-650)/(-15). Calculate the highest common factor of l and 13.
13
Let z be (-2)/(8/6 - 2). Suppose 0 = -2*b + 14 + 52. What is the highest common divisor of b and z?
3
Suppose -3*b = -0*b - 81. Let x(n) = -n**2 + 6*n - 5. Let r be (-3)/(-6) + 14/4. Let v be x(r). What is the greatest common divisor of v and b?
3
Let g be 8/4*(0 + 1). Suppose 7*f = 5*t + g*f, 0 = -t - 3*f. Suppose 5*y - 5*z - 95 = t, 5*y + 2*z - 89 = z. What is the greatest common divisor of y and 6?
6
Suppose -4*q + 34 = -2*j, -2*q + 2*j = -0*q - 12. Suppose -3*d + 3 = 0, 3*o = 2*o + 4*d + 7. Calculate the greatest common factor of q and o.
11
Let s(z) = -21*z - 43. Let w be s(-23). What is the greatest common factor of w and 40?
40
Suppose g - 30 = c - 3*c, 4*c + 36 = 2*g. Suppose -4*i + 7*i - 9 = 0, 0 = 5*l + 3*i - 24. Calculate the highest common divisor of g and l.
3
Suppose -3*s = -2*t - 28, -5*s - 3*t = -5*t - 48. Let i = -32 + 112. Calculate the highest common factor of s and i.
10
Let u = -6 + 10. Let q be (588/(-35))/(u/(-30)). What is the highest common divisor of q and 14?
14
Let h(x) = 17*x - 1. Let s be h(1). Suppose -2*v + s = -4*i, -6 = 5*v + 5*i - 1. Let w = 7 - v. Calculate the highest common divisor of 5 and w.
5
Let g be 3 - (-1)/(-2)*4. Let q be -3 - (0 - (0 + g)). Let u = 0 - q. What is the highest common divisor of 6 and u?
2
Let s(r) = -33*r**2. Let k be s(2). Let g = 11 - 7. Let t be k/(-8)*g/6. What is the greatest common factor of t and 77?
11
Suppose -2*m - 3*j - 2 = -50, 5*j = -10. What is the greatest common factor of m and 9?
9
Let j(f) = -5*f**3 - f**2 + f + 1. Let m be j(-1). Calculate the greatest common factor of 2 and m.
2
Let i(c) be the third derivative of -61*c**4/24 - c**3/6 + 2*c**2. Let k be i(-1). Let z be k/25*20/6. Calculate the highest common factor of 12 and z.
4
Let s(w) = -w**3 + 11*w**2 - 11*w + 7. Let k be s(9). What is the highest common divisor of 14 and k?
14
Let u = 10 - 6. Let g be (-88)/(-14) + u/(-14). Suppose 5*a - 100 = 170. Calculate the greatest common divisor of a and g.
6
Suppose -4*l + 2*y + 30 = 0, -4*l - 5*y = -0*l + 5. Suppose 3*c = u - 3*u + 109, -3*c - l*u = -97. Calculate the highest common factor of 26 and c.
13
Suppose 0 = 2*u - 4*v - 12, 18 = 3*u + u - 2*v. Suppose u*b = 237 + 195. What is the greatest common factor of b and 12?
12
Let f(s) = -s + 10. Let h be f(7). Suppose -5*u = -2*c + 127, h*c - 2*u + 38 = 245. Suppose -c = -3*l + 19. Calculate the greatest common divisor of l and 15.
15
Let g = -3 + 21. Suppose 2*n - f = 8, 2*f - f = 4*n - g. What is the greatest common factor of 25 and n?
5
Suppose -1 = -2*q + 4*c + 5, 0 = -4*c. Let m = 7 - q. Let z be m/2 - (-71 + 1). What is the highest common divisor of z and 18?
18
Let x(p) = p**3 + p**2 - p + 48. Let m be x(0). Suppose -4*u - 2*n + 54 = 0, -8*n + 3*n + 55 = 5*u. Calculate the highest common divisor of u and m.
16
Suppose -1 - 25 = -y. Let f(t) = -14*t - 5. Let o be f(-5). What is the highest common divisor of o and y?
13
Let b(l) = l**3 + 10*l**2 + 9*l + 4. Let o be b(-8). What is the highest common factor of o and 20?
20
Let b be -9 - -12 - 11*-1. Calculate the greatest common factor of b and 42.
14
Let f be 2/3*(0 - -96). Calculate the highest common divisor of f and 8.
8
Suppose 0 = 2*m + 4*f - 16, -3*f = -2 - 1. Let x(w) = -w**3 + 8*w**2 - 9*w + 6. Let l be x(m). Calculate the greatest common factor of l and 8.
8
Suppose 0 = -2*r + 3*w - 8*w + 17, 4 = -4*w. Let h = 1 + -1. Suppose -5*o = 2*j - 232, h = 4*j + o - 589 + 107. What is the highest common factor of r and j?
11
Let s be 9/(-2)*130/(-39). Calculate the highest common divisor of 15 and s.
15
Let y = -71 + 11. Let o = -36 - y. Suppose -2*v + 4*t + 16 = 0, 0 = -4*v + 5*t - 14 + 46. What is the greatest common factor of o and v?
8
Suppose 0 = 4*d, 0 = 2*i - 2*d - d - 6. Suppose -i*c + 0*c + 297 = 0. What is the greatest common factor of c and 11?
11
Let p = 42 - 20. Suppose -2*a + 3*h = -h + 502, 0 = 4*a + 4*h + 1064. Let k be (-1)/(-4) - a/12. What is the greatest common divisor of p and k?
22
Suppose 26*w - 29*w + 54 = 0. Let f(z) = 4*z + 